{"id":87,"date":"2023-02-22T04:41:48","date_gmt":"2023-02-22T04:41:48","guid":{"rendered":"https:\/\/bellezaenlineacr.com\/?post_type=product&#038;p=87"},"modified":"2025-12-02T05:46:54","modified_gmt":"2025-12-02T05:46:54","slug":"paste-super-strong-wax-matte-dinish-140-ml","status":"publish","type":"product","link":"https:\/\/bellezaenlineacr.com\/index.php\/product\/paste-super-strong-wax-matte-dinish-140-ml\/","title":{"rendered":"PASTE SUPER STRONG WAX MATTE DINISH 140 ML"},"content":{"rendered":"<h2><strong><span>Pasta para peinar el cabello con acabado mate |\u00a0Pasta para el cabello con f\u00f3rmula texturizante, sin escamas y de bajo brillo<\/span><\/strong><\/h2>\n<p><span>Nuestra pasta para peinar Elegance mate brinda una fijaci\u00f3n flexible mientras agrega textura a tu cabello sin ese brillo h\u00famedo.\u00a0Esta pasta para el cabello de alto rendimiento de grado de barbero le brinda el peinado y la confianza que se necesita para lograr un aspecto desordenado, prolijo o limpio durante todo el d\u00eda.\u00a0Es la soluci\u00f3n perfecta para un estilo de vida activo en el que necesitas una fijaci\u00f3n natural y manejable.\u00a0Funciona igual que los geles para el cabello, pero su textura trabajable fortalecida hace que sea m\u00e1s f\u00e1cil obtener el peinado que desea sin preocuparse por la descamaci\u00f3n o el uso excesivo, dejando su cabello con esa sensaci\u00f3n de &#8220;grumos&#8221;.\u00a0Mantenga su cabello luciendo y sinti\u00e9ndose saludable durante todo el d\u00eda.<\/span><\/p>\n<ul>\n<li><strong><span>F\u00e1cil de aplicar y distribuir.<\/span><\/strong><\/li>\n<li><strong><span>A\u00f1ade grosor y textura.<\/span><\/strong><\/li>\n<li><strong><span>Mantiene una fuerte sujeci\u00f3n flexible.<\/span><\/strong><\/li>\n<li><strong><span>Pasta mate de bajo brillo<\/span><\/strong><\/li>\n<li><strong><span>Excelente calidad y sin escamas.<\/span><\/strong><\/li>\n<li><strong><span>fragancia refrescante<\/span><\/strong><\/li>\n<li><strong><span>Le permite dar forma a cualquier estilo deseado.<\/span><\/strong><\/li>\n<li><strong><span>Se lava f\u00e1cilmente con agua.<\/span><\/strong><\/li>\n<\/ul>\n","protected":false},"excerpt":{"rendered":"<p>Pasta para peinar el cabello con acabado mate |\u00a0Pasta para el cabello con f\u00f3rmula texturizante, sin escamas y de bajo brillo Nuestra pasta para peinar Elegance mate brinda una fijaci\u00f3n flexible mientras agrega textura a tu cabello sin ese brillo h\u00famedo.\u00a0Esta pasta para el cabello de alto rendimiento de grado de barbero le brinda el &hellip;<\/p>\n<p class=\"read-more\"> <a class=\"\" href=\"https:\/\/bellezaenlineacr.com\/index.php\/product\/paste-super-strong-wax-matte-dinish-140-ml\/\"> <span class=\"screen-reader-text\">PASTE SUPER STRONG WAX MATTE DINISH 140 ML<\/span> Leer m\u00e1s \u00bb<\/a><\/p>\n","protected":false},"featured_media":88,"comment_status":"open","ping_status":"closed","template":"","meta":{"site-sidebar-layout":"default","site-content-layout":"default","ast-global-header-display":"","ast-main-header-display":"","ast-hfb-above-header-display":"","ast-hfb-below-header-display":"","ast-hfb-mobile-header-display":"","site-post-title":"","ast-breadcrumbs-content":"","ast-featured-img":"","footer-sml-layout":"","theme-transparent-header-meta":"default","adv-header-id-meta":"","stick-header-meta":"","header-above-stick-meta":"","header-main-stick-meta":"","header-below-stick-meta":""},"product_cat":[15],"product_tag":[],"_links":{"self":[{"href":"https:\/\/bellezaenlineacr.com\/index.php\/wp-json\/wp\/v2\/product\/87"}],"collection":[{"href":"https:\/\/bellezaenlineacr.com\/index.php\/wp-json\/wp\/v2\/product"}],"about":[{"href":"https:\/\/bellezaenlineacr.com\/index.php\/wp-json\/wp\/v2\/types\/product"}],"replies":[{"embeddable":true,"href":"https:\/\/bellezaenlineacr.com\/index.php\/wp-json\/wp\/v2\/comments?post=87"}],"wp:featuredmedia":[{"embeddable":true,"href":"https:\/\/bellezaenlineacr.com\/index.php\/wp-json\/wp\/v2\/media\/88"}],"wp:attachment":[{"href":"https:\/\/bellezaenlineacr.com\/index.php\/wp-json\/wp\/v2\/media?parent=87"}],"wp:term":[{"taxonomy":"product_cat","embeddable":true,"href":"https:\/\/bellezaenlineacr.com\/index.php\/wp-json\/wp\/v2\/product_cat?post=87"},{"taxonomy":"product_tag","embeddable":true,"href":"https:\/\/bellezaenlineacr.com\/index.php\/wp-json\/wp\/v2\/product_tag?post=87"}],"curies":[{"name":"wp","href":"https:\/\/api.w.org\/{rel}","templated":true}]}}